?
True
Is 5650349467 a composite number?
True
Is 37707163477 a prime number?
True
Is 527470283 a prime number?
True
Is 28830094973 prime?
False
Is 1005827642 composite?
True
Is 9895559777 composite?
False
Is 1363648877 composite?
False
Is 329015879 a composite number?
False
Is 143046774817 a prime number?
False
Is 212671550777 prime?
False
Is 8011507429 composite?
False
Is 1326088613 composite?
False
Is 67446932503 a composite number?
False
Is 8817301279 composite?
False
Is 1414661119 composite?
False
Is 312478433 prime?
True
Is 78576256253 a prime number?
False
Is 171157669 prime?
True
Is 6511088803 a composite number?
True
Is 7802394391 prime?
False
Is 84815619311 prime?
True
Is 10830845533 a prime number?
False
Is 2698337951 composite?
False
Is 2328783049 composite?
True
Is 269983003 prime?
False
Is 165117419 a composite number?
True
Is 1950626851 prime?
True
Is 1183504919 a composite number?
True
Is 637744577 a prime number?
True
Is 2776646153 prime?
True
Is 3241786987 a prime number?
True
Is 6979505095 a prime number?
False
Is 264327459169 a composite number?
False
Is 10376497409 a prime number?
False
Is 4767027113 a composite number?
False
Is 327076703 a prime number?
False
Is 3801275651 composite?
False
Is 1056408371 composite?
False
Is 59095001257 a prime number?
False
Is 14883049273 composite?
False
Is 6152133829 prime?
False
Is 278415930461 a prime number?
True
Is 2195588921 a prime number?
False
Is 2980156009 prime?
False
Is 78367433 prime?
False
Is 93008563 composite?
False
Is 25837871473 composite?
True
Is 62184419939 a prime number?
True
Is 2477952341 prime?
True
Is 75802663639 composite?
False
Is 184985287309 a prime number?
True
Is 65914815929 a composite number?
False
Is 7885609229 a prime number?
False
Is 2353391647 composite?
False
Is 6280408653 prime?
False
Is 5861020933 composite?
False
Is 574447135 composite?
True
Is 1913838923 prime?
False
Is 5003168611 a prime number?
False
Is 3383412091 a prime number?
True
Is 150235308803 prime?
True
Is 132223937 composite?
False
Is 158509019 a composite number?
False
Is 5117162653 composite?
True
Is 17719679231 prime?
True
Is 633264899 composite?
False
Is 2015046887 composite?
True
Is 177440671 a prime number?
False
Is 46415566397 a composite number?
False
Is 225233557 a composite number?
True
Is 2302184441 composite?
False
Is 1398226 a prime number?
False
Is 205047984163 a prime number?
False
Is 1454139957 a composite number?
True
Is 617002847 composite?
False
Is 2855758601 a prime number?
True
Is 432897449 a composite number?
False
Is 478647163 composite?
True
Is 655013813 a composite number?
False
Is 7548919977 prime?
False
Is 41476104069 prime?
False
Is 75821597573 composite?
True
Is 1192589279 a prime number?
False
Is 29265311473 prime?
True
Is 9909007399 composite?
False
Is 954071077 prime?
True
Is 3164864349 a composite number?
True
Is 488839481 composite?
True
Is 31334807089 a prime number?
False
Is 1367664261 a composite number?
True
Is 1890348689 a composite number?
False
Is 73602785 a composite number?
True
Is 1360567939 a composite number?
False
Is 384157603 prime?
True
Is 26167793 composite?
True
Is 11887664639 a prime number?
True
Is 27611545327 composite?
False
Is 2589847849 prime?
False
Is 40077184579 composite?
False
Is 60228937397 a composite number?
True
Is 9913660795 a prime number?
False
Is 86065363577 a composite number?
False
Is 799164755 a composite number?
True
Is 1545363311 a composite number?
False
Is 4383208309 prime?
True
Is 9654349777 composite?
True
Is 86521929083 a composite number?
True
Is 72714537383 prime?
False
Is 238207663 a composite number?
True
Is 45123698989 prime?
True
Is 7516611253 a composite number?
True
Is 2424742493 composite?
False
Is 7520123131 prime?
True
Is 184356894017 prime?
True
Is 2293407241 composite?
False
Is 108903433949 a composite number?
False
Is 2326603457 a prime number?
False
Is 249751329 a composite number?
True
Is 92960359 a composite number?
True
Is 18000607957 a composite number?
False
Is 25074858383 composite?
False
Is 890704877 composite?
True
Is 262395541 a composite number?
False
Is 2660543603 a prime number?
True
Is 1159521141 a composite number?
True
Is 15630503009 prime?
False
Is 20522353699 a prime number?
True
Is 651877231 a prime number?
True
Is 294201965 prime?
False
Is 176451011 a prime number?
False
Is 891186981 composite?
True
Is 19337696377 composite?
False
Is 15214404589 prime?
False
Is 47296928941 a composite number?
True
Is 666695569 a prime number?
False
Is 81885321919 prime?
False
Is 4765832543 a prime number?
False
Is 64938841439 a prime number?
True
Is 387407141 a prime number?
False
Is 2695031327 composite?
False
Is 3312000001 composite?
True
Is 38718931 a composite number?
False
Is 20115365393 prime?
True
Is 12109177541 composite?
False
Is 1639109189 prime?
True
Is 797996233 a composite number?
False
Is 23412411377 composite?
False
Is 8944355495 a composite number?
True
Is 8532526049 a prime number?
False
Is 526231331 composite?
False
Is 305832937 a composite number?
True
Is 1737246487 composite?
True
Is 308142389507 prime?
True
Is 2746193003 a prime number?
True
Is 2231414501 composite?
False
Is 4195851299 a prime number?
True
Is 4503748589 a prime number?
False
Is 3275987369 a prime number?
True
Is 1158950359 a prime number?
False
Is 4037985827 composite?
False
Is 1100873219 a prime number?
False
Is 1416030289 a prime number?
True
Is 25381090837 composite?
False
Is 120592463 prime?
True
Is 321356213 a prime number?
True
Is 12190547339 a composite number?
False
Is 46903961903 prime?
False
Is 897837511 a composite number?
False
Is 303703553 composite?
False
Is 235499493 composite?
True
Is 15337520729 composite?
False
Is 57295001149 composite?
False
Is 1901260913 a composite number?
False
Is 863898559 composite?
False
Is 89874763213 a composite number?
False
Is 726762741 a prime number?
False
Is 2343395891 a prime number?
False
Is 11649040783 prime?
True
Is 1762350649 a prime number?
False
Is 16831202413 a composite number?
True
Is 3780235607 a prime number?
True
Is 8535068687 prime?
False
Is 2240770913 composite?
False
Is 1758820915 a prime number?
False
Is 3678375079 a prime number?
False
Is 16316079569 prime?
True
Is 95697775213 a prime number?
True
Is 1875627709 a prime number?
True
Is 594354203 a composite number?
False
Is 24697927141 a prime number?
False
Is 17553021103 prime?
False
Is 1397675771 a composite number?
False
Is 16481333717 a prime number?
True
Is 17559260501 a composite number?
False
Is 5242458679 a prime number?
True
Is 439811877 a composite number?
True
Is 17660175479 a composite number?
False
Is 1981449699 a prime number?
False
Is 6823393 a prime number?
False
Is 107634586 prime?
False
Is 6850280807 composite?
False
Is 7123619141 composite?
False
Is 254434261 a composite number?
False
Is 474445799 composite?
False
Is 2341675343 composite?
True
Is 3416468923 a composite number?
True
Is 60881032097 a composite number?
True
Is 5747641577 prime?
True
Is 1067801183 a composite number?
False
Is 1517433749 a prime number?
False
Is 88906546451 a composite number?
True
Is 4187521907 a prime number?
True
Is 710470049 a composite number?
True
Is 7485280547 a composite number?
False
Is 2959898573 a composite number?
True
Is 129150756941 prime?
True
Is 554750867 prime?
False
Is 302577371 composite?
True
Is 60451145 a composite number?
True
Is 10088913369 prime?
False
Is 11816656543 prime?
False
Is 405274783 a prime number?
True
Is 1725464267 a composite number?
False
Is 12157749991 composite?
True
Is 7732188971 prime?
False
Is 327996417985 a prime number?
False
Is 14491448497 a composite number?
False
Is 344001377 composite?
False
Is 60521232539 a prime number?
True
Is 94332202 a composite number?
True
Is 265488931 composite?
True
Is 15361959523 a composite number?
False
Is 2737396901 a composite number?
True
Is 50031156167 a prime number?
True
Is 6921292429 a composite number?
False
Is 597096727 a composite number?
False
Is 464532037 composite?
False
Is 108077201 prime?
False
Is 4218517153 a composite number?
False
Is 89532607 a prime number?
True
Is 16322963245 composite?
True
Is 661059401 prime?
False
Is 124331425873 a composite number?
False
Is 9885502999 prime?
False
Is 7401